at are the prime factors of 7030820799?
3, 2579, 302909
What are the prime factors of 4446536088?
2, 3, 23, 31, 43, 6043
What are the prime factors of 5225981907?
3, 1741993969
List the prime factors of 95997458.
2, 47998729
List the prime factors of 6745168.
2, 29, 14537
What are the prime factors of 75206492?
2, 179, 105037
What are the prime factors of 676786686?
2, 3, 112797781
List the prime factors of 313119972.
2, 3, 11, 53, 4973
List the prime factors of 1698701574.
2, 3, 17, 19, 876523
What are the prime factors of 1355883854?
2, 13, 1117, 46687
List the prime factors of 40970250.
2, 3, 5, 131, 139
What are the prime factors of 236608482?
2, 3, 11, 17, 19, 1009
List the prime factors of 1162431080.
2, 5, 29060777
List the prime factors of 569681008.
2, 13, 37, 79, 937
What are the prime factors of 6735825635?
5, 7, 11, 1093, 16007
List the prime factors of 8139749.
29, 280681
What are the prime factors of 2582422258?
2, 13, 99323933
List the prime factors of 145198273.
11, 29, 455167
What are the prime factors of 47174895?
3, 5, 89, 11779
What are the prime factors of 43139225?
5, 37, 149, 313
What are the prime factors of 21821092?
2, 1033, 5281
List the prime factors of 3501803175.
3, 5, 13, 307, 11699
List the prime factors of 268672460.
2, 5, 7, 173, 11093
What are the prime factors of 3089572577?
7, 13, 19, 1786913
List the prime factors of 890547167.
29, 103, 281, 1061
What are the prime factors of 3099996974?
2, 37, 103, 406717
What are the prime factors of 133445898?
2, 3, 41, 73, 2477
List the prime factors of 5473654675.
5, 218946187
What are the prime factors of 43102587?
3, 11, 1306139
List the prime factors of 423481981.
13, 32575537
What are the prime factors of 2558042007?
3, 43, 19829783
What are the prime factors of 27399995?
5, 7, 19, 41203
List the prime factors of 390156165.
3, 5, 7, 19, 47, 73
What are the prime factors of 42928544?
2, 1117, 1201
List the prime factors of 7572550177.
197, 2683, 14327
List the prime factors of 69220573.
613, 112921
What are the prime factors of 1894961167?
11, 172269197
What are the prime factors of 591154474?
2, 53, 5576929
What are the prime factors of 732518668?
2, 7, 157, 281, 593
List the prime factors of 11115599.
11, 1010509
List the prime factors of 1570013613.
3, 7, 67, 431, 863
List the prime factors of 175332625.
5, 13, 107897
List the prime factors of 48293635.
5, 13, 311, 2389
List the prime factors of 392544627.
3, 257, 509137
List the prime factors of 45126107.
13, 271, 12809
What are the prime factors of 3557483319?
3, 13, 103, 885607
List the prime factors of 224018864.
2, 14001179
List the prime factors of 4747462117.
4747462117
What are the prime factors of 223564789?
7, 337, 94771
List the prime factors of 26994535.
5, 19, 284153
List the prime factors of 985273509.
3, 11, 59, 506047
What are the prime factors of 2811624380?
2, 5, 509, 276191
What are the prime factors of 194731406?
2, 311, 337, 929
List the prime factors of 1344580320.
2, 3, 5, 17, 53, 3109
What are the prime factors of 7945603?
23, 345461
What are the prime factors of 267105098?
2, 13, 10273273
What are the prime factors of 6126681422?
2, 59, 127, 227, 1801
What are the prime factors of 44749759?
44749759
List the prime factors of 28818160.
2, 5, 7, 51461
What are the prime factors of 1946225493?
3, 37, 347, 16843
What are the prime factors of 1517230229?
17, 223, 467, 857
What are the prime factors of 71909463?
3, 37, 17509
List the prime factors of 170812552.
2, 29, 59, 12479
List the prime factors of 1114869358.
2, 89, 6263311
What are the prime factors of 7024765380?
2, 3, 5, 59, 1984397
What are the prime factors of 278354116?
2, 47, 1019, 1453
What are the prime factors of 1701905249?
11, 251, 616409
List the prime factors of 189122964.
2, 3, 15760247
What are the prime factors of 55357463?
7, 7908209
List the prime factors of 416412576.
2, 3, 53551
List the prime factors of 1063153609.
7, 2621, 57947
What are the prime factors of 2544960079?
2544960079
List the prime factors of 90600447.
3, 7, 41, 105227
List the prime factors of 199579202.
2, 47, 223, 9521
What are the prime factors of 31936037?
7, 4562291
List the prime factors of 193009266.
2, 3, 127, 84431
List the prime factors of 2074155996.
2, 3, 11, 15713303
What are the prime factors of 19071293?
31, 269, 2287
What are the prime factors of 46583167?
4793, 9719
What are the prime factors of 386471849?
386471849
List the prime factors of 290543975.
5, 311, 37369
What are the prime factors of 94250169?
3, 13, 268519
What are the prime factors of 146076536?
2, 71, 257177
List the prime factors of 176430960.
2, 3, 5, 19, 1433
List the prime factors of 32404371.
3, 149, 72493
What are the prime factors of 833503904?
2, 1471, 17707
What are the prime factors of 9028897?
41, 220217
What are the prime factors of 66389221?
66389221
What are the prime factors of 475548134?
2, 73, 3257179
What are the prime factors of 52321063?
6397, 8179
What are the prime factors of 1058672800?
2, 5, 89, 14869
What are the prime factors of 42566920?
2, 5, 11, 89, 1087
List the prime factors of 484457304.
2, 3, 823, 24527
List the prime factors of 5316383335.
5, 67, 15869801
List the prime factors of 2457166476.
2, 3, 131, 1563083
What are the prime factors of 38852063?
211, 184133
List the prime factors of 406924683.
3, 11, 211, 58441
List the prime factors of 786372332.
2, 17, 11564299
List the prime factors of 872213434.
2, 436106717
What are the prime factors of 428520701?
7, 619, 98897
What are the prime factors of 129351571?
29, 4460399
List the prime factors of 88687594.
2, 37, 1198481
List the prime factors of 26666744.
2, 13, 17, 15083
List the prime factors of 41879558.
2, 7, 2991397
List the prime factors of 162565681.
53, 491, 6247
List the prime factors of 18351038.
2, 37, 53, 4679
List the prime factors of 12710520.
2, 3, 5, 3923
List the prime factors of 5114543.
7, 83, 8803
List the prime factors of 404663228.
2, 37, 2734211
List the prime factors of 74106003.
3, 229, 269, 401
List the prime factors of 1394669754.
2, 3, 131, 461, 1283
List the prime factors of 84697713.
3, 47, 200231
List the prime factors of 192379498.
2, 23, 4182163
What are the prime factors of 24680885?
5, 29, 170213
List the prime factors of 17754957.
3, 11, 19927
What are the prime factors of 1282760882?
2, 13, 673, 73309
What are the prime factors of 91616955?
3, 5, 19, 103, 3121
List the prime factors of 205029858.
2, 3, 11, 383, 8111
List the prime factors of 245241823.
5861, 41843
List the prime factors of 655447804.
2, 11, 1354231
What are the prime factors of 1540724092?
2, 23, 61, 293, 937
List the prime factors of 429583082.
2, 3769, 56989
List the prime factors of 1727735473.
1727735473
What are the prime factors of 228454136?
2, 59, 431, 1123
What are the prime factors of 60135537?
3, 7, 11, 439, 593
List the prime factors of 584676412.
2, 11383, 12841
List the prime factors of 1953981416.
2, 244247677
What are the prime factors of 225367528?
2, 109, 258449
List the prime factors of 64838233.
64838233
List the prime factors of 4762100782.
2, 71, 109, 307669
List the prime factors of 276736098.
2, 3, 17, 37, 73327
List the prime factors of 212999460.
2, 3, 5, 17, 367, 569
What are the prime factors of 739815877?
17, 257, 313, 541
List the prime factors of 460942014.
2, 3, 13, 19, 311027
What are the prime factors of 80775085?
5, 16155017
List the prime factors of 229721095.
5, 727, 63197
List the prime factors of 193703894.
2, 73, 1326739
List the prime factors of 41831957.
41831957
What are the prime factors of 120585566?
2, 89, 677447
What are the prime factors of 93702894?
2, 3, 31, 503779
List the prime factors of 2645539602.
2, 3, 440923267
List the prime factors of 2655665868.
2, 3, 67, 1097, 3011
List the prime factors of 164882681.
2089, 78929
What are the prime factors of 3488107277?
17, 205182781
List the prime factors of 1962623682.
2, 3, 12114961
List the prime factors of 20270511.
3, 17, 19, 367
List the prime factors of 946059741.
3, 11, 17, 659, 853
List the prime factors of 203292934.
2, 13, 419, 18661
What are the prime factors of 44398555?
5, 67, 132533
List the prime factors of 1286792661.
3, 7, 11, 23, 242197
What are the prime facto